What is 1 (base 9) in base 5?
1
What is 2 (base 16) in base 6?
2
What is -100 (base 2) in base 5?
-4
Convert -1101 (base 2) to base 8.
-15
-3 (base 9) to base 14
-3
What is -145 (base 8) in base 10?
-101
Convert -19 (base 14) to base 2.
-10111
-44 (base 5) to base 13
-1b
What is 2 (base 9) in base 14?
2
Convert 2 (base 8) to base 11.
2
-81 (base 9) to base 8
-111
2 (base 8) to base 9
2
What is -612 (base 7) in base 3?
-102020
What is 131 (base 8) in base 3?
10022
What is -4 (base 5) in base 3?
-11
Convert -4a (base 14) to base 5.
-231
-31 (base 4) to base 16
-d
Convert 51 (base 7) to base 16.
24
What is 1 (base 5) in base 3?
1
Convert 145 (base 8) to base 3.
10202
What is 1 (base 11) in base 13?
1
-10111110 (base 2) to base 3
-21001
What is 2030 (base 4) in base 6?
352
21 (base 5) to base 14
b
Convert -1 (base 16) to base 14.
-1
What is 10 (base 5) in base 7?
5
What is 3 (base 6) in base 5?
3
What is -11 (base 2) in base 5?
-3
3 (base 10) to base 6
3
Convert 2 (base 15) to base 5.
2
22011 (base 3) to base 6
1004
What is 3 (base 8) in base 9?
3
1 (base 6) to base 3
1
What is -259 (base 11) in base 8?
-462
212 (base 9) to base 12
125
3 (base 7) to base 3
10
Convert -170 (base 9) to base 4.
-2100
Convert 15 (base 14) to base 11.
18
Convert -33 (base 5) to base 8.
-22
-13 (base 13) to base 16
-10
-101100 (base 2) to base 5
-134
What is -5 (base 12) in base 11?
-5
6 (base 12) to base 3
20
What is 16 (base 14) in base 10?
20
What is 4 (base 5) in base 3?
11
Convert 5 (base 16) to base 5.
10
Convert 34 (base 14) to base 12.
3a
What is -20 (base 3) in base 13?
-6
-544 (base 6) to base 7
-415
Convert 2012 (base 3) to base 10.
59
Convert 3 (base 12) to base 2.
11
11 (base 3) to base 12
4
-11 (base 9) to base 16
-a
What is -7 (base 10) in base 4?
-13
Convert 32 (base 4) to base 10.
14
Convert -60 (base 9) to base 16.
-36
What is -120 (base 3) in base 11?
-14
Convert -a (base 12) to base 5.
-20
What is 100 (base 2) in base 10?
4
10 (base 2) to base 7
2
What is -9 (base 13) in base 7?
-12
3213 (base 4) to base 12
173
What is -2 (base 14) in base 7?
-2
125 (base 11) to base 6
404
6 (base 10) to base 11
6
6 (base 16) to base 12
6
Convert 4 (base 12) to base 4.
10
What is c1 (base 13) in base 9?
184
Convert 20 (base 15) to base 14.
22
Convert 0 (base 13) to base 4.
0
Convert 54 (base 15) to base 12.
67
What is -134 (base 7) in base 11?
-68
What is 3 (base 12) in base 3?
10
What is 9 (base 10) in base 5?
14
-213 (base 4) to base 12
-33
What is 0 (base 3) in base 14?
0
What is -2 (base 12) in base 10?
-2
11100 (base 2) to base 3
1001
What is 13 (base 11) in base 9?
15
134 (base 10) to base 9
158
What is 4 (base 8) in base 3?
11
2 (base 10) to base 6
2
What is 8 (base 12) in base 10?
8
Convert 4 (base 15) to base 14.
4
Convert -120 (base 8) to base 16.
-50
What is 0 (base 8) in base 6?
0
What is 2a (base 13) in base 11?
33
Convert 313 (base 5) to base 15.
58
What is a (base 11) in base 14?
a
-d8 (base 15) to base 2
-11001011
Convert 18 (base 9) to base 10.
17
What is 645 (base 7) in base 11?
278
What is 17 (base 12) in base 16?
13
What is -1 (base 15) in base 16?
-1
0 (base 8) to base 15
0
4 (base 16) to base 14
4
Convert 64 (base 8) to base 16.
34
What is 288 (base 10) in base 2?
100100000
-11 (base 4) to base 2
-101
Convert 15 (base 10) to base 3.
120
0 (base 13) to base 12
0
What is 6a (base 11) in base 14?
56
2 (base 13) to base 4
2
Convert -3 (base 14) to base 4.
-3
0 (base 6) to base 13
0
10 (base 6) to base 13
6
3 (base 16) to base 6
3
-2 (base 11) to base 3
-2
Convert -413 (base 6) to base 15.
-a3
What is -5 (base 7) in base 9?
-5
Convert 2 (base 3) to base 16.
2
Convert 2 (base 6) to base 5.
2
0 (base 15) to base 11
0
What is 10 (base 6) in base 7?
6
Convert -13 (base 14) to base 7.
-23
Convert 215 (base 6) to base 13.
65
4 (base 7) to base 10
4
Convert -12 (base 13) to base 9.
-16
What is 7 (base 12) in base 13?
7
What is 1a (base 12) in base 13?
19
1d (base 15) to base 3
1001
What is -e6 (base 15) in base 13?
-138
-a (base 15) to base 14
-a
What is -19 (base 15) in base 3?
-220
-23 (base 5) to base 11
-12
Convert -10 (base 6) to base 16.
-6
Convert 92 (base 12) to base 16.
6e
What is -22 (base 5) in base 3?
-110
What is 2 (base 6) in base 8?
2
What is 29 (base 10) in base 2?
11101
What is -17 (base 13) in base 6?
-32
Convert b4 (base 16) to base 14.
cc
-11100010 (base 2) to base 15
-101
4 (base 15) to base 14
4
What is 15d (base 14) in base 6?
1143
Convert b2 (base 12) to base 4.
2012
1d (base 16) to base 10
29
Convert 21 (base 12) to base 14.
1b
-63 (base 10) to base 8
-77
What is 8 (base 14) in base 11?
8
Convert -1 (base 15) to base 11.
-1
What is -12 (base 6) in base 10?
-8
Convert 5 (base 6) to base 4.
11
2 (base 5) to base 7
2
Convert 1 (base 12) to base 2.
1
Convert -1100 (base 2) to base 7.
-15
What is 1141 (base 6) in base 9?
337
-2 (base 5) to base 4
-2
Convert -2 (base 3) to base 12.
-2
What is 31 (base 15) in base 8?
56
What is 7 (base 16) in base 10?
7
What is 2 (base 12) in base 5?
2
-9 (base 16) to base 11
-9
What is 4 (base 10) in base 14?
4
Convert 185 (base 10) to base 5.
1220
What is -28 (base 15) in base 2?
-100110
113 (base 6) to base 16
2d
What is -1010 (base 2) in base 12?
-a
Convert 22 (base 7) to base 2.
10000
What is 0 (base 7) in base 2?
0
0 (base 15) to base 4
0
55 (base 9) to base 13
3b
-2 (base 5) to base 11
-2
What is 0 (base 2) in base 5?
0
Convert 243 (base 6) to base 2.
1100011
What is 8 (base 14) in base 8?
10
Convert 0 (base 13) to base 5.
0
-13 (base 6) to base 4
-21
What is 3e (base 16) in base 9?
68
Convert -111001 (base 2) to base 15.
-3c
Convert 3 (base 14) to base 7.
3
Convert 0 (base 12) to base 2.
0
What is 9a (base 11) in base 5?
414
53 (base 11) to base 3
2011
Convert 9 (base 10) to base 16.
9
Convert -11 (base 5) to base 7.
-6
What is -221 (base 3) in base 8?
-31
Convert 82 (base 10) to base 11.
75
Convert -6 (base 14) to base 5.
-11
Convert 15 (base 12) to base 10.
17
What is 8 (base 10) in base 3?
22
What is -102 (base 4) in base 16?
-12
What is 2 (base 7) in base 13?
2
What is -1 (base 13) in base 3?
-1
Convert -8 (base 12) to base 8.
-10
Convert -2 (base 16) to base 8.
-2
What is -12 (base 4) in base 6?
-10
Convert -35 (base 9) to base 5.
-112
-183 (base 11) to base 15
-e2
Convert -17 (base 9) to base 8.
-20
What is 10 (base 7) in base 6?
11
What is -123 (base 14) in base 5?
-1402
What is -10 (base 3) in base 12?
-3
-20 (base 10) to base 5
-40
262 (base 7) to base 4
2032
Convert -96 (base 10) to base 9.
-116
-50 (base 15) to base 11
-69
Convert -50 (base 12) to base 14.
-44
Convert 0 (base 7) to base 11.
0
3b (base 12) to base 4
233
3 (base 14) to base 3
10
What is 51 (base 14) in base 7?
131
Convert -11 (base 3) to base 14.
-4
Convert 0 (base 5) to base 16.
0
What is 4 (base 10) in base 9?
4
64 (base 16) to base 4
1210
What is -a (base 15) in base 8?
-12
What is 48 (base 13) in base 8?
74
0 (base 11) to base 4
0
Convert 1 (base 8) to base 7.
1
4 (base 14) to base 7
4
What is 1 (base 7) in base 14?
1
Convert -48 (base 11) to base 12.
-44
What is -8 (base 9) in base 13?
-8
-2200 (base 3) to base 16
-48
What is 2 (base 13) in base 12?
2
0 (base 4) to base 12
0
What is -10 (base 4) in base 2?
-100
Convert 6 (base 8) to base 4.
12
Convert -9 (base 13) to base 16.
-9
What is 25 (base 13) in base 3?
1011
Convert -7b (base 16) to base 2.
-1111011
Convert 24 (base 14) to base 10.
32
What is -3 (base 14) in base 4?
-3
What is 3 (base 5) in base 8?
3
What is 4 (base 11) in base 5?
4
-52 (base 12) to base 9
-68
-337 (base 8) to base 4
-3133
What is 3c (base 14) in base 4?
312
What is -2 (base 3) in base 11?
-2
-2 (base 14) to base 2
-10
What is 2 (base 4) in base 6?
2
0 (base 6) to base 4
0
What is 59 (base 16) in base 9?
108
Convert -31 (base 4) to base 7.
-16
What is -14b (base 12) in base 2?
-11001011
What is -5 (base 6) in base 3?
-12
33 (base 5) to base 4
102
-111 (base 3) to base 5
-23
1101 (base 3) to base 6
101
-77 (base 11) to base 10
-84
What is 1 (base 13) in base 6?
1
What is -2 (base 6) in base 11?
-2
-21 (base 8) to base 15
-12
Convert -1111 (base 2) to base 16.
-f
Convert -80 (base 9) to base 6.
-200
What is -2 (base 14) in base 9?
-2
What is 133 (base 5) in base 11?
3a
What is 3 (base 5) in 